
26
Suppose -5*t + 2*q + 10304 = 6*q, 0 = -3*t + 5*q + 6212. Suppose 4*a = -2*d + 1042, 4*a - t = -3*d - d. Calculate the greatest common divisor of d and 7.
7
Let g(z) = 110*z**2 + 4*z - 4. Let m be g(3). Suppose -4*n = -4*u - 2*n + 784, -2*n = 5*u - m. Calculate the highest common factor of 66 and u.
66
Suppose 7*o + 104 = 104. Suppose o + 442 = 13*z. What is the highest common factor of z and 68?
34
Suppose -2*h = 3*h. Suppose -25 = 2*g + 3*g, -4*q - 3*g = -5. Suppose 5*v + 31 = 2*k, q*v + 25 = -h*v. What is the greatest common divisor of k and 21?
3
Let r be 2 + 24790/6 + (-7)/(-168)*8. What is the highest common divisor of 39 and r?
39
Let y(m) = -m**2 + 6*m. Let x be y(5). Let f = 22975 - 22920. Calculate the greatest common factor of f and x.
5
Suppose -126*l + 157*l = 3844. Calculate the highest common factor of 7750 and l.
62
Let y = -61 + 56. Let j be -4 + y + 7 + 5. Let q be (-428)/(-28) - 2/7. What is the highest common factor of q and j?
3
Suppose -27*f - 3 = -30*f, 3*n = -5*f + 125. What is the highest common factor of n and 10840?
40
Let u be 5/4 + 45/108 - (-542)/6. Let o = -29 + 98. Calculate the greatest common factor of o and u.
23
Suppose 732 = -x - 4*s + 2848, -2*x + 4214 = -s. Calculate the highest common divisor of x and 620.
124
Let t be (40/(-6))/2*-3. Let p(x) = -x**3 - 92*x**2 - 514*x + 287. Let q be p(-86). Calculate the greatest common divisor of t and q.
5
Suppose -2*y - 90 = -5*d + 3*d, 0 = -4*d + 3*y + 175. Suppose -7*x = -13*x - 174. Let p = d + x. Calculate the greatest common divisor of 99 and p.
11
Let d = 286 + -165. Suppose -132*t + 561 = -d*t. What is the highest common divisor of t and 34?
17
Suppose -479 = -3*v + h, 0 = 3*h - 14 + 2. Suppose -6*g - 16 + 184 = 0. Calculate the highest common divisor of v and g.
7
Let t(d) = 3*d - 21. Let s = -19 - -33. Let a be t(s). Let b be ((-12)/(-30))/((-2)/(-420)). Calculate the greatest common divisor of a and b.
21
Suppose 0 = 24*j - 19*j. Suppose 4*u - 9*u + 495 = j. Suppose 4*z + u = 299. Calculate the highest common divisor of 10 and z.
10
Suppose 4230 = 40*u - 55650. What is the greatest common factor of 24 and u?
3
Suppose 5*y + 2*i + 186 = y, -228 = 5*y - 2*i. Let q = 78 + y. Suppose 0 = n + 18 - q. Calculate the highest common divisor of 2 and n.
2
Let v(a) = -293*a - 3324. Let l be v(-18). Calculate the highest common divisor of 150 and l.
150
Let i be (0 - (2 + -7)) + -3*1. What is the greatest common factor of i and 676?
2
Let w be -156 + 159 + 0 + -49 + 0. Let p be (8 + -10)*w/2. What is the greatest common divisor of 506 and p?
46
Suppose -k - 58 = -3*t - 6*k, -4*t = -2*k - 112. Suppose 22*l = t*l + 8. Let p be (-1 + l/(-6))/((-68)/2142). What is the greatest common divisor of p and 7?
7
Suppose 3*h = -2*c + 104, -3*c + c + 104 = -2*h. Suppose -102*u + 468 = -96*u. What is the greatest common factor of u and c?
26
Suppose 2*t - t - 2*w - 155 = 0, 3*t - 3*w = 468. Let g = t + -117. Calculate the highest common factor of 40 and g.
40
Let k be ((-575)/(-50))/(1/2). Suppose -1500 = k*g - 29*g. What is the highest common divisor of g and 10?
10
Suppose -29*j = -151*j - 60*j + 159432. Calculate the greatest common factor of j and 219.
219
Suppose y - 6*y = -75. Suppose 5*z = 35 + y. Let w = 14238 - 14208. What is the highest common factor of w and z?
10
Suppose 13*f = 828 + 602. Let u = -89 + f. Calculate the greatest common divisor of 3 and u.
3
Let r be (-15)/12*-23*(-100)/(-125). What is the greatest common divisor of 17 and r?
1
Suppose -24085 = -19*j + 13535. What is the greatest common divisor of j and 22?
22
Suppose 94 = 2*x + 90. Suppose -3*c + 17 = 5*t, -x*c = 5*t - 8 - 5. Let h be (-2 + (-22)/(-4))/(2/c). What is the greatest common factor of h and 1?
1
Let b(v) = -3*v**2 - 32*v - 48. Let m be b(-6). Let d be (-8 + 2)/(((-9)/6)/1). What is the highest common divisor of d and m?
4
Let a(h) = -h**2 - 3*h - 47. Let y be a(14). Let z = -283 - y. Calculate the highest common factor of 13 and z.
1
Suppose -8*y + 10*y + 178 = 5*l, 3*y + 105 = 3*l. What is the greatest common factor of 92 and l?
4
Let l(n) = 171*n + 483. Let g be l(-2). Calculate the highest common divisor of g and 2679.
141
Let p be (1/(14/(-1204)))/(-1). What is the highest common factor of p and 2709?
43
Suppose -2*h + 4*q = -0*q - 1830, -4549 = -5*h - 3*q. Let n be (-4)/22 + (h/(-11))/1. Let s = -48 - n. Calculate the highest common divisor of s and 7.
7
Let a = -88 + 93. Suppose -4*v - 3*t = -2*v, -a*t - 50 = -5*v. Calculate the greatest common factor of 3 and v.
3
Let v be 31*((-114)/(-20) - 207/(-690)). Calculate the highest common factor of v and 174.
6
Suppose -8*w + 2*v = -4*w - 218, 253 = 4*w + 5*v. Calculate the greatest common divisor of 23 and w.
1
Let y = 247 + -104. Suppose 0 = -714*f + 711*f + 3*t + 156, -2*f = 4*t - 104. Calculate the highest common factor of y and f.
13
Let n be ((-1008)/98)/((-4)/42). Suppose i - n = 240. Calculate the greatest common divisor of 12 and i.
12
Let y = 5568 - 5314. Calculate the highest common divisor of 2 and y.
2
Let a be -7 + (1 - -9) - -57. What is the greatest common factor of 80 and a?
20
Let m be (1 - -1)/((-10)/(-30)). Let f be (3 - (-51)/(-12))*-4. Suppose -h + 19 = -f. Calculate the greatest common factor of m and h.
6
Let c = 11469 + -10169. Calculate the highest common divisor of 1200 and c.
100
Let z = -1339 - -1555. What is the greatest common factor of 102 and z?
6
Let f(w) = -38 + 2*w**2 - 10*w + 0*w + 47 + 0*w**2. Let r be f(5). What is the highest common factor of r and 3?
3
Let j be (-21 - (-10 - 28)) + 269. Calculate the highest common divisor of j and 6721.
143
Let m(i) = 2*i**3 - 47*i**2 + 37*i - 61. Let a be m(23). What is the highest common divisor of 126 and a?
9
Suppose 6*c + 1799 = -1813. Let n = -567 - c. Calculate the greatest common divisor of n and 2.
1
Suppose 45*k - 40*k - 286 = -3*q, 2*q = 4. Let i(a) = -a**2 + 18*a + 4. Let z be i(15). Calculate the highest common factor of z and k.
7
Let q(y) = 44*y + 89. Let b(g) = -21*g - 44. Let a(x) = -7*b(x) - 3*q(x). Let k be a(9). What is the greatest common divisor of k and 11?
11
Let v be (-18270)/(-20) - (-2 + (-15)/(-6)). Let j = v - 637. Calculate the greatest common factor of j and 23.
23
Let y(s) = -s**2 + 60*s - 17. Let u be y(58). Let o = -55 - -33. Let n = o - -33. Calculate the greatest common divisor of n and u.
11
Let r(p) = p**3 + p**2. Let s(z) = 7*z**3 + 16*z**2 + z - 3. Let l(w) = 6*r(w) - s(w). Let h be l(-10). What is the greatest common factor of 52 and h?
13
Let b be (-6)/(-10)*(-1285)/(-3). Let n = b + -241. Let w(u) = u**3 - 5*u**2 + u - 2. Let x be w(6). What is the highest common factor of x and n?
8
Let z(n) = n**3 - 5*n**2 - 13*n + 13. Let t be z(6). Let f be (0 - 1*-57)*1. Let a = t + f. Calculate the highest common divisor of a and 70.
14
Let x(m) = 10*m**3 - 6*m**2 - 2*m + 2. Let o be x(4). Suppose -4*q - q + 665 = -k, -4*q + 2*k = -o. Calculate the greatest common divisor of 44 and q.
44
Let i(t) = 7*t**3 + 51*t**2 - 2*t - 52. Let g be i(-7). Calculate the greatest common divisor of g and 50.
10
Let x = -102 - 39. Let f = 184 + x. What is the highest common factor of 688 and f?
43
Suppose 5*y + 1505 = 5*m, -3*y + 2*y = 2*m - 602. Let n(p) = 29*p**2 + p + 1. Let v be n(-1). Let q = 72 - v. What is the highest common factor of q and m?
43
Suppose 12093 = 3*f + 2*o, 5*o - 89 = 2*f - 8132. Suppose f = 4*c - 3*g, 4*g = 19*c - 15*c - 4028. Calculate the highest common divisor of 18 and c.
18
Let q be 2607/45 - 10/(-15) - (-2)/5. What is the highest common divisor of 118 and q?
59
Suppose -4*q = -62 + 46. Suppose -4*b = 5*g - 12 + 2, 3*b = -5*g + 15. Suppose 3*r + g = 30. What is the highest common divisor of q and r?
4
Let k = -1 + 1. Suppose k = 6*w - 60. Calculate the highest common divisor of w and 5.
5
Let w = 883 - 575. Suppose 5*g = 2*m - 0*g - w, -5*m - 5*g = -700. What is the highest common divisor of m and 384?
48
Let l be 6/((-138)/1656 + (-16042)/(-191640)). Calculate the greatest common divisor of 20 and l.
10
Suppose 3*f - 1814 = 2240 - 1264. Calculate the highest common factor of 744 and f.
186
Let m(c) = 2*c**2 - 36*c - 440. Let o be m(-10). What is the highest common factor of o and 168?
24
Let y be ((-1)/(1/3))/(11/1